{"id":3855,"date":"2015-07-02T14:03:47","date_gmt":"2015-07-02T14:03:47","guid":{"rendered":"http:\/\/www.dorispichler.at\/blog\/?page_id=3855"},"modified":"2025-09-24T10:47:39","modified_gmt":"2025-09-24T08:47:39","slug":"workshops","status":"publish","type":"page","link":"https:\/\/dorispichler.at\/blog\/workshops\/","title":{"rendered":"Workshops"},"content":{"rendered":"<section class=\"l-section wpb_row height_medium\"><div class=\"l-section-h i-cf\"><div class=\"g-cols vc_row via_grid cols_1-3 laptops-cols_inherit tablets-cols_inherit mobiles-cols_1 valign_top type_default stacking_default\"><div class=\"wpb_column vc_column_container\"><div class=\"vc_column-inner\"><div class=\"w-image align_none\"><div class=\"w-image-h\"><img decoding=\"async\" width=\"800\" height=\"800\" src=\"https:\/\/dorispichler.at\/blog\/wp-content\/uploads\/2023\/09\/ch438_4960.jpg\" class=\"attachment-large size-large\" alt=\"\" loading=\"lazy\" srcset=\"https:\/\/dorispichler.at\/blog\/wp-content\/uploads\/2023\/09\/ch438_4960.jpg 800w, https:\/\/dorispichler.at\/blog\/wp-content\/uploads\/2023\/09\/ch438_4960-300x300.jpg 300w, https:\/\/dorispichler.at\/blog\/wp-content\/uploads\/2023\/09\/ch438_4960-150x150.jpg 150w, https:\/\/dorispichler.at\/blog\/wp-content\/uploads\/2023\/09\/ch438_4960-768x768.jpg 768w, https:\/\/dorispichler.at\/blog\/wp-content\/uploads\/2023\/09\/ch438_4960-600x600.jpg 600w, https:\/\/dorispichler.at\/blog\/wp-content\/uploads\/2023\/09\/ch438_4960-350x350.jpg 350w, https:\/\/dorispichler.at\/blog\/wp-content\/uploads\/2023\/09\/ch438_4960-400x400.jpg 400w\" sizes=\"(max-width: 800px) 100vw, 800px\" \/><\/div><\/div><\/div><\/div><div class=\"wpb_column vc_column_container\"><div class=\"vc_column-inner\"><div class=\"wpb_text_column\"><div class=\"wpb_wrapper\"><h3><span style=\"color: #2f7517;\">Basteln am Mittwoch<\/span><\/h3>\n<\/div><\/div><div class=\"w-separator size_small\"><\/div><div class=\"wpb_text_column\"><div class=\"wpb_wrapper\"><p><strong>1. Oktober &#8211; 26. November 2025<\/strong><br \/><strong>jeden Mittwoch 14:00\u201317:00 Uhr<\/strong><br \/><strong>Volkshilfest\u00fcberl, Europastra\u00dfe 26, 5400 Hallein<\/strong><\/p>\n<\/div><\/div><div class=\"w-separator size_small\"><\/div><div class=\"wpb_text_column\"><div class=\"wpb_wrapper\"><p>Bastelnachmittag f\u00fcr Erwachsene. Auszeit vom hektischen Alltag und in gem\u00fctlicher Runde kreativ sein: In meinen Workshops zeige ich, wie man mit einfachen Mitteln individuelle Karten und Verpackungen gestalten kann. Keine Vorkenntnisse erforderlich.<\/p>\n<p><!-- \/wp:paragraph --><\/p>\n<p><!-- wp:paragraph -->Unkostenbeitrag: \u20ac 5,&#8211; pro Person und Veranstaltung, zuz\u00fcglich Konsumation im Caf\u00e9.<\/p>\n<p><!-- \/wp:paragraph --><\/p>\n<p><!-- wp:paragraph -->Infos und Anmeldung bei Doris Pichler +43 664 630 7603 oder\u00a0<a href=\"mailto:office@dorispichler.at\">office@dorispichler.at<\/a><\/p>\n<\/div><\/div><\/div><\/div><\/div><\/div><\/section><section class=\"l-section wpb_row height_medium\"><div class=\"l-section-h i-cf\"><div class=\"g-cols vc_row via_grid cols_1 laptops-cols_inherit tablets-cols_inherit mobiles-cols_1 valign_top type_default stacking_default\"><div class=\"wpb_column vc_column_container\"><div class=\"vc_column-inner\"><div class=\"w-separator size_medium with_line width_default thick_1 style_solid color_border align_center\"><div class=\"w-separator-h\"><\/div><\/div><\/div><\/div><\/div><\/div><\/section><section class=\"l-section wpb_row height_medium\"><div class=\"l-section-h i-cf\"><div class=\"g-cols vc_row via_grid cols_1-3 laptops-cols_inherit tablets-cols_inherit mobiles-cols_1 valign_top type_default stacking_default\"><div class=\"wpb_column vc_column_container\"><div class=\"vc_column-inner\"><div class=\"w-image align_none\"><div class=\"w-image-h\"><img decoding=\"async\" width=\"768\" height=\"1024\" src=\"https:\/\/dorispichler.at\/blog\/wp-content\/uploads\/2024\/08\/basteln_4690-768x1024.jpg\" class=\"attachment-large size-large\" alt=\"\" loading=\"lazy\" srcset=\"https:\/\/dorispichler.at\/blog\/wp-content\/uploads\/2024\/08\/basteln_4690-768x1024.jpg 768w, https:\/\/dorispichler.at\/blog\/wp-content\/uploads\/2024\/08\/basteln_4690-225x300.jpg 225w, https:\/\/dorispichler.at\/blog\/wp-content\/uploads\/2024\/08\/basteln_4690-113x150.jpg 113w, https:\/\/dorispichler.at\/blog\/wp-content\/uploads\/2024\/08\/basteln_4690-scaled.jpg 1920w\" sizes=\"(max-width: 768px) 100vw, 768px\" \/><\/div><\/div><\/div><\/div><div class=\"wpb_column vc_column_container\"><div class=\"vc_column-inner\"><div class=\"wpb_text_column\"><div class=\"wpb_wrapper\"><h3><span style=\"color: #2f7517;\">Luanas Sommerprogramm<\/span><\/h3>\n<\/div><\/div><div class=\"w-separator size_small\"><\/div><div class=\"wpb_text_column\"><div class=\"wpb_wrapper\"><p>Jeden Mittwoch in den Sommerferien von 10:00 \u2013 12:00 Uhr.<br \/>Treffpunkt vor dem Keltenmusem<\/p>\n<\/div><\/div><div class=\"w-separator size_small\"><\/div><div class=\"wpb_text_column\"><div class=\"wpb_wrapper\"><p><!-- \/wp:paragraph --><\/p>\n<p><!-- wp:paragraph --><strong>R\u00e4tselrundgang<br \/><\/strong>Wieviele Brunnen gibt es eigentglich in der Halleiner Altstadt?<br \/>Wie wird das Wetter in Hallein?<br \/>Finden wir geheime Inschriften auf den Halleiner H\u00e4usern?<\/p>\n<p><!-- \/wp:paragraph --><\/p>\n<p><!-- wp:paragraph --><strong>Taschentheater<br \/><\/strong>Kennt jemand die Geschichte vom Halleiner Zeiserl?<br \/>Wie sind die Barmsteine entstanden?<\/p>\n<p><!-- \/wp:paragraph --><\/p>\n<p><!-- wp:paragraph --><strong>Bastelworkshops<br \/><\/strong>Es wird gemalt, geschnitten, geklebt, gestanzt, gefaltet, gestempelt, gelacht und geplaudert.<\/p>\n<p><!-- \/wp:paragraph --><\/p>\n<p><!-- wp:paragraph --><strong>Jede Woche ein anderes Programm<\/strong><br \/>f\u00fcr Kinder ab 4 Jahren<br \/>Unkostenbeitrag \u20ac 5,&#8211; pro Kind und Veranstaltung<br \/>Details, Info + Anmeldung\u00a0unter +43 664 630 7603 oder<br \/><a href=\"http:\/\/www.luana-hallein.at\/home.html\">www.luana-hallein.at<\/a><\/p>\n<\/div><\/div><\/div><\/div><\/div><\/div><\/section><p><a href=\"\/\/www.pinterest.com\/pin\/create\/button\/\" data-pin-do=\"buttonBookmark\" data-pin-color=\"red\" data-pin-height=\"128\"><img decoding=\"async\" src=\"\/\/assets.pinterest.com\/images\/pidgets\/pinit_fg_en_rect_red_28.png\" \/><\/a><\/p>","protected":false},"excerpt":{"rendered":"Basteln am Mittwoch 1. Oktober &#8211; 26. November 2025jeden Mittwoch 14:00\u201317:00 UhrVolkshilfest\u00fcberl, Europastra\u00dfe 26, 5400 Hallein Bastelnachmittag f\u00fcr Erwachsene. Auszeit vom hektischen Alltag und in gem\u00fctlicher Runde kreativ sein: In meinen Workshops zeige ich, wie man mit einfachen Mitteln individuelle Karten und Verpackungen gestalten kann. Keine Vorkenntnisse erforderlich. Unkostenbeitrag: \u20ac 5,&#8211; pro Person und Veranstaltung,...","protected":false},"author":1,"featured_media":0,"parent":0,"menu_order":0,"comment_status":"open","ping_status":"closed","template":"","meta":{"footnotes":""},"class_list":["post-3855","page","type-page","status-publish","hentry"],"_links":{"self":[{"href":"https:\/\/dorispichler.at\/blog\/wp-json\/wp\/v2\/pages\/3855"}],"collection":[{"href":"https:\/\/dorispichler.at\/blog\/wp-json\/wp\/v2\/pages"}],"about":[{"href":"https:\/\/dorispichler.at\/blog\/wp-json\/wp\/v2\/types\/page"}],"author":[{"embeddable":true,"href":"https:\/\/dorispichler.at\/blog\/wp-json\/wp\/v2\/users\/1"}],"replies":[{"embeddable":true,"href":"https:\/\/dorispichler.at\/blog\/wp-json\/wp\/v2\/comments?post=3855"}],"version-history":[{"count":13,"href":"https:\/\/dorispichler.at\/blog\/wp-json\/wp\/v2\/pages\/3855\/revisions"}],"predecessor-version":[{"id":22377,"href":"https:\/\/dorispichler.at\/blog\/wp-json\/wp\/v2\/pages\/3855\/revisions\/22377"}],"wp:attachment":[{"href":"https:\/\/dorispichler.at\/blog\/wp-json\/wp\/v2\/media?parent=3855"}],"curies":[{"name":"wp","href":"https:\/\/api.w.org\/{rel}","templated":true}]}}