{"id":12420,"date":"2021-01-05T08:50:35","date_gmt":"2021-01-05T07:50:35","guid":{"rendered":"http:\/\/www.dorispichler.at\/blog\/?page_id=12420"},"modified":"2021-02-26T09:58:17","modified_gmt":"2021-02-26T08:58:17","slug":"sale-a-bration","status":"publish","type":"page","link":"https:\/\/dorispichler.at\/blog\/sale-a-bration\/","title":{"rendered":"Sale-A-Bration"},"content":{"rendered":"\n<p>Bei einem Bestellwert von je \u20ac 60,&#8211; bzw. \u20ac 120,&#8211; (zuz\u00fcglich Versandkosten) kann man sich einen Gratis-Artikel aus der Sale-A-Bration-Brosch\u00fcre aussuchen.&nbsp;<\/p>\n\n\n\n<h5 class=\"wp-block-heading\">Und hier sind die tollen Artikel:<\/h5>\n\n\n\n<p>Kategorie 1: Bei einem Bestellwert von \u20ac 60,&#8211; kann man sich eines der folgenden Produkte aussuchen:<\/p>\n\n\n\n<div><div><div id=\"aa201544-b017-42f4-8ff7-6e8d536e9464\"><iframe class=\"iframe-showcase\" src=\"https:\/\/mystampinblog.com\/Showcase\/Details\/b10a83f2-0227-4185-af73-20203bb36726?layout=Carousel&amp;showSku=True&amp;showPrice=True&amp;showSalePrice=True&amp;showAddToCart=False&amp;showAddAllToCart=True&amp;showDownload=True&amp;transparent=False&amp;bordered=True&amp;hFontHeight=14&amp;rFontHeight=13&amp;imageHeight=120&amp;middleContent=False\" frameborder=\"0\" scrolling=\"no\" allowtransparency=\"true\" style=\"width:100%\"><\/iframe><\/div><script src=\"https:\/\/mystampinblog.com\/Script\/ShowcaseDetailsScript\"><\/script><\/div><\/div>\n\n\n\n<p>Kategorie 2: Bei einem Bestellwert von \u20ac 120,&#8211; kann man sich folgende Artikel aussuchen:<\/p>\n\n\n\n<div><div><div id=\"5a784e14-9b89-4e97-bedd-cb5b0a4acdf2\"><iframe class=\"iframe-showcase\" src=\"https:\/\/mystampinblog.com\/Showcase\/Details\/1c03489b-84ea-4f38-ad46-e8cb10815d3a?layout=Carousel&amp;showSku=True&amp;showPrice=True&amp;showSalePrice=True&amp;showAddToCart=False&amp;showAddAllToCart=True&amp;showDownload=True&amp;transparent=False&amp;bordered=True&amp;hFontHeight=14&amp;rFontHeight=13&amp;imageHeight=120&amp;middleContent=False\" frameborder=\"0\" scrolling=\"no\" allowtransparency=\"true\" style=\"width:100%\"><\/iframe><\/div><script src=\"https:\/\/mystampinblog.com\/Script\/ShowcaseDetailsScript\"><\/script><\/div><\/div>\n\n\n\n<h5 class=\"wp-block-heading\">Das ist aber noch lange nicht alles!<\/h5>\n\n\n\n<p><strong>PARTY AUSRICHTEN:&nbsp;<\/strong>Geteilte Leidenschaft ist doppelte Freude: Veranstalten Sie ein Stempelevent! Erreicht Ihre Kreativparty einen Mindestbestellwert von \u20ac 375,&#8211;, erhalten Sie zus\u00e4tzlich noch das Stempelset &#8222;Gestanzte Gr\u00fc\u00dfe&#8220;, das zu den Stanzen &#8222;Herzen&#8220;, &#8222;Oval Duo&#8220; und &#8222;Rechteckige Briefmarke&#8220; passt. <\/p>\n\n\n\n<p><strong>Dieses Angebot gilt auch bei einer Bestellung ab \u20ac 375,&#8211;<\/strong><\/p>\n\n\n\n<div><div><div id=\"1550ed2f-3bdc-42f3-8993-df871ba6fc89\"><iframe class=\"iframe-showcase\" src=\"https:\/\/mystampinblog.com\/Showcase\/Details\/8c39807c-57b0-4ef1-b9ae-8605c75e6126?layout=Carousel&amp;showSku=True&amp;showPrice=True&amp;showSalePrice=True&amp;showAddToCart=False&amp;showAddAllToCart=True&amp;showDownload=True&amp;transparent=False&amp;bordered=True&amp;hFontHeight=14&amp;rFontHeight=13&amp;imageHeight=120&amp;middleContent=False\" frameborder=\"0\" scrolling=\"no\" allowtransparency=\"true\" style=\"width:100%\"><\/iframe><\/div><script src=\"https:\/\/mystampinblog.com\/Script\/ShowcaseDetailsScript\"><\/script><\/div><\/div>\n\n\n\n<h3 class=\"wp-block-heading\">Als Demonstrator bei Stampin&#8216; Up! einsteigen<\/h3>\n\n\n\n<p><strong>E<\/strong>Wer sich Stampin&#8216; Up! als Demonstator anschlie\u00dft, wird&nbsp;bis 28. Februar 2021 noch mehr als sonst belohnt.<\/p>\n\n\n\n<ol class=\"wp-block-list\"><li>W\u00e4hlen Sie&nbsp;Stampin&#8216;-Up!-Produkte im Wert von \u20ac 175,&#8211; aus und bezahlen Sie dar\u00fcr <strong>nur \u20ac 129,&#8211;&nbsp;<\/strong><\/li><li>Sie erhalten eine Auswahl der neuesten <strong>Designerpapiere<\/strong> aus dem kommenden Jahreskatalog im Format von 6 x 6&#8243;.<\/li><li>Zum Starterset-Angebot geh\u00f6ren auch Gesch\u00e4ftsmaterialien und der Gratisversand.<\/li><\/ol>\n\n\n[vc_separator type=&#8220;short&#8220; size=&#8220;small&#8220; icon=&#8220;eye&#8220;]\n\n\n\n<p>Sie wollen noch mehr \u00fcber die Sale-A-Bration erfahren oder bei Stampin&#8216; Up! als Demonstrator einsteigen? Dann melden Sie sich direkt bei mir. <br>Doris Pichler <a href=\"mailto:office@dorispichler.at\">office@dorispichler.at<\/a><\/p>\n<p><a href=\"\/\/www.pinterest.com\/pin\/create\/button\/\" data-pin-do=\"buttonBookmark\" data-pin-color=\"red\" data-pin-height=\"128\"><img decoding=\"async\" src=\"\/\/assets.pinterest.com\/images\/pidgets\/pinit_fg_en_rect_red_28.png\" \/><\/a><\/p>","protected":false},"excerpt":{"rendered":"<p>Bei einem Bestellwert von je \u20ac 60,&#8211; bzw. \u20ac 120,&#8211; (zuz\u00fcglich Versandkosten) kann man sich einen Gratis-Artikel aus der Sale-A-Bration-Brosch\u00fcre aussuchen.&nbsp; Und hier sind die tollen Artikel: Kategorie 1: Bei einem Bestellwert von \u20ac 60,&#8211; kann man sich eines der folgenden Produkte aussuchen: Kategorie 2: Bei einem Bestellwert von \u20ac 120,&#8211; kann man sich folgende&#8230;<\/p>\n","protected":false},"author":1,"featured_media":0,"parent":0,"menu_order":0,"comment_status":"closed","ping_status":"closed","template":"","meta":{"footnotes":""},"class_list":["post-12420","page","type-page","status-publish","hentry"],"_links":{"self":[{"href":"https:\/\/dorispichler.at\/blog\/wp-json\/wp\/v2\/pages\/12420"}],"collection":[{"href":"https:\/\/dorispichler.at\/blog\/wp-json\/wp\/v2\/pages"}],"about":[{"href":"https:\/\/dorispichler.at\/blog\/wp-json\/wp\/v2\/types\/page"}],"author":[{"embeddable":true,"href":"https:\/\/dorispichler.at\/blog\/wp-json\/wp\/v2\/users\/1"}],"replies":[{"embeddable":true,"href":"https:\/\/dorispichler.at\/blog\/wp-json\/wp\/v2\/comments?post=12420"}],"version-history":[{"count":0,"href":"https:\/\/dorispichler.at\/blog\/wp-json\/wp\/v2\/pages\/12420\/revisions"}],"wp:attachment":[{"href":"https:\/\/dorispichler.at\/blog\/wp-json\/wp\/v2\/media?parent=12420"}],"curies":[{"name":"wp","href":"https:\/\/api.w.org\/{rel}","templated":true}]}}